**3 + 6*s**2 + 3*s - 9. Let u = -14 - -20. What is the remainder when (13*2)/(-4 - -5) is divided by x(u)?
8
What is the remainder when 290 is divided by (-1425)/(-10) - 36/(-24)?
2
Suppose 0 = -3*x + 98 - 20. Calculate the remainder when x is divided by 17.
9
Let h(k) = -7*k + 11. Let r(b) = 2*b - 4. Let l(c) = -4*h(c) - 11*r(c). Let d be l(-1). What is the remainder when (-92)/d*(0 + 3) is divided by 24?
22
Let p(j) be the first derivative of -j**3/3 + j**2 + 7*j - 7. Let v be p(0). What is the remainder when v + -2 + 3 + 2 is divided by 3?
1
Suppose 2*w - 8*y = -10*y + 200, -4*y = w - 103. What is the remainder when w is divided by 18?
9
Suppose 403 = -3*d + 592. What is the remainder when 754 is divided by d?
61
Suppose 0 = -3*z + 59 - 62. Let q be 1 + 2 - (2 - 0). Calculate the remainder when q + 24 + 2 + z is divided by 9.
8
Suppose 37*z - 5387 + 614 = 0. Let g = -5 + 38. What is the remainder when z is divided by g?
30
Let q(f) be the first derivative of f**4/4 + 5*f**3/3 - 3*f**2/2 - 4*f - 6. Let u = -12 + 7. Calculate the remainder when 29 is divided by q(u).
7
Let h(p) = 15*p**2 + 38*p + 1. Calculate the remainder when h(-6) is divided by 15.
13
Let z = -322 - -387. What is the remainder when 255 is divided by z?
60
Suppose -5*m + 0*m = -55. Let a(i) be the third derivative of i**4/12 - 13*i**3/6 + 2*i**2. Calculate the remainder when 17 is divided by a(m).
8
Let d(f) = 2*f**3 - 13*f**2 - 2*f + 12. Let l(r) = r**3 - 6*r**2 - r + 6. Let g(h) = 6*d(h) - 13*l(h). Calculate the remainder when 71 is divided by g(-3).
17
Let h(m) = 5*m + 192. Calculate the remainder when 125 is divided by h(-37).
6
Suppose -7*r = -3*r + 3*v - 328, 5*r - v - 410 = 0. What is the remainder when 818 is divided by r?
80
Let o = 102 + -81. Suppose 2*t = -2*v + 6*t + 8, -5*t - 1 = 2*v. Suppose -u = v*u - o. What is the remainder when 13 is divided by u?
6
Let o be 1*0*4/8. Let b = o + 95. What is the remainder when b is divided by 24?
23
Let n = -27 + 33. Suppose -2*a = -n*a - 44. Calculate the remainder when 21 is divided by -3 + (2 - a - -1).
10
Suppose -4*n + n + 31 = -2*u, -4 = -2*u - 4*n. What is the remainder when 1908/15 - -6*u/(-60) is divided by 33?
29
Let u(g) = 15*g - 1028. Calculate the remainder when u(83) is divided by 77.
63
Suppose 0 = -8*w + 606 - 110. What is the remainder when 246 is divided by w?
60
Suppose -86*l = -99*l + 676. What is the remainder when 126 is divided by l?
22
Suppose 4*f - 4*m + 0 - 4 = 0, 5*f + 2 = -2*m. Suppose f = 5*u - 25, 2*g - 113 = -0*g + u. What is the remainder when g is divided by 30?
29
Let y(v) = v**2 - 5*v + 7. Let g be y(7). What is the remainder when 21 is divided by -8*7/g*(-15)/4?
1
Let h(z) = -4*z + 1. Let m(j) = 4*j. Let q(y) = -7*h(y) - 6*m(y). Calculate the remainder when q(4) is divided by 5.
4
What is the remainder when (-187200)/(-1216) + 1/19 is divided by 55?
44
Let f(z) = 8*z**3 + z**2 - 3*z + 2. Let k be f(1). Suppose -k*x = -x - 84. What is the remainder when 18 is divided by x?
6
Suppose -24 = -7*a + 25. Let h(z) = z**2 + 8*z + 33. Calculate the remainder when h(-8) is divided by a.
5
Let i be (-1)/(1 + -2)*36/1. Suppose i*r + 204 = 39*r. Calculate the remainder when r is divided by 23.
22
Let v = 2 - 0. Calculate the remainder when 93/v*2/3 is divided by 8.
7
Let s(k) = k**2 + 3*k + 6. What is the remainder when 264 is divided by s(-6)?
0
Let p(m) = m**2 + 11*m - 20. Calculate the remainder when p(6) is divided by 54.
28
Suppose -4*j + 84 = 3*c - 297, 4*c - 4*j = 480. What is the remainder when c is divided by 15?
3
Let y = -3 - -6. Suppose -d + 2*d - y = 0. Calculate the remainder when (d - 2)*-1*-9 is divided by 3.
0
Suppose -678*s + 680*s - 290 = 0. Calculate the remainder when s is divided by 67.
11
Suppose 2*t - 4 = -0*t, 4*t = -5*h + 113. Suppose -8 = -3*w + 10. Suppose -w*d + 72 = -0*d. What is the remainder when h is divided by d?
9
Let l = 26 + -18. Suppose -p + 1 = -2*r, -4*p - l = -7*p + r. Calculate the remainder when ((-6)/(-4))/((-6)/(-32)) is divided by p.
2
Suppose -3*g + 5*f + 14 = 0, 0 = -4*f + 12 - 4. Suppose g*w - 10*w = -128. Calculate the remainder when w is divided by 13.
12
Let g = 17 - 14. Let f(o) = o**3 - 6*o**2 + o + 2. Calculate the remainder when f(6) is divided by g.
2
Let v = 882 - 722. What is the remainder when v is divided by 19?
8
Let b(u) = 9*u + 12*u + 14*u. Suppose 146 + 118 = 22*p. Calculate the remainder when b(1) is divided by p.
11
Suppose 7*h + 173 = 1195. Calculate the remainder when h is divided by 40.
26
Suppose 5*l = -5*y - 10, 5*y + 7 + 3 = -l. Let o = y + -4. Let r(a) = 2*a + 14. Calculate the remainder when 3 is divided by r(o).
1
Let b(s) be the second derivative of s**3/2 + 14*s**2 - 26*s. Calculate the remainder when b(0) is divided by 6.
4
Suppose -146*p - 132 = -147*p. What is the remainder when p is divided by 50?
32
Suppose -8*f + 0*f = -216. Suppose -5*k = -20, 3*k + f = 3*s - 18. What is the remainder when s is divided by 10?
9
Calculate the remainder when 27 is divided by (-4)/(-8 - 12) - (-19)/5.
3
Suppose -18 = m + 2*l, 9*m - 2*l + 66 = 4*m. Let r = m - -31. What is the remainder when r/3 - (-8)/(-12) is divided by 3?
2
Suppose 3*y - 2*y + 5*w - 11 = 0, 4*w = -4*y + 28. Calculate the remainder when 25 is divided by 26/4 - (-3)/y.
4
Let q = 29 + -30. Let w = 25 - q. Let u(y) = -7*y. What is the remainder when w is divided by u(-1)?
5
What is the remainder when 36 is divided by (27/6 + -3)*(7 - 3)?
0
Suppose 0 = -2*s - 5*f + 6 + 21, 2*s + 2*f - 24 = 0. Calculate the remainder when 37 is divided by s.
4
Suppose -x - v = -1323, 3*v - 6627 = -5*x + v. What is the remainder when x is divided by 83?
82
Let b(c) = -c - 7. Let f be b(-7). What is the remainder when 7 is divided by 2 - -2 - (f/2 + 1)?
1
Let o = 234 - 59. What is the remainder when o is divided by 44?
43
Let u(w) = -w**2 + 15*w + 68. Suppose -145 = 4*r + m, 9*r - 4*r = -2*m - 179. Let x = 76 + r. Calculate the remainder when x is divided by u(18).
11
Let u(q) = q**3 + 6*q**2 + 14. Calculate the remainder when 64 is divided by u(0).
8
Let q = 44 + -22. Let p = 25 - q. Suppose 0 = -4*g + k + 57, -2*k + 23 + 17 = p*g. Calculate the remainder when 25 is divided by g.
11
Calculate the remainder when 290 is divided by (1 + 0 + 2)/(30/280).
10
Let w(k) = -3*k - 47. Let q(p) = -p - 16. Let h(v) = 11*q(v) - 4*w(v). Let b be ((-12)/20)/(1/(-15)). Calculate the remainder when 83 is divided by h(b).
20
Let g = -35 + 67. What is the remainder when g is divided by 21?
11
Let a(k) = -k**3 - 4*k**2 - 14. Let z(p) = 7*p - 1. What is the remainder when a(-6) is divided by z(1)?
4
Calculate the remainder when (-65 + 134)*(3 + 0) is divided by 78.
51
Suppose 2*a - a - 2 = 5*b, 0 = 5*b - 3*a - 4. Let v = -29 + 44. What is the remainder when v is divided by 14 + -2 - (2 - b)?
6
Suppose -3*k + 2*k + 91 = 0. Calculate the remainder when k is divided by ((-52)/(-78))/((-2)/(-69)).
22
Suppose -4*j = m - 14, 2 = 6*m - 5*m. Let l(g) = g**2 - g - 6. Let p be l(6). Suppose p = j*w + w. What is the remainder when w is divided by 4?
2
Suppose -10*l + 446 + 84 = 0. What is the remainder when 210 is divided by l?
51
Suppose 4*s + g + 0*g - 127 = 0, 58 = s - 5*g. What is the remainder when s is divided by (9/(-12))/(2/96*-3)?
9
Suppose 19*x - 15*x = 104. Suppose 5*t - 159 = x. Calculate the remainder when 72 is divided by t.
35
Suppose 2*z - 36 = 4*y, 1 = z + 2*y - 17. What is the remainder when 105 is divided by z?
15
Suppose 1032 = 32*a - 184. Calculate the remainder when a is divided by 2/(-9) + (-101)/(-9).
5
Let v be -14 - (-6)/9*6. What is the remainder when (-408)/v - ((-18)/15)/6 is divided by (-8 - 0 - -1)*-2?
13
Let n be (-5 + 3)/((-6)/117). Suppose -y - t + 3 = 0, -5*y + 3*t + n = -0*t. Calculate the remainder when 21 is divided by y.
3
Let v = -406 + 425. What is the remainder when 91 is divided by v?
15
Let d = 11 - 6. Calculate the remainder when (2/(10/85))/(2/2) is divided by d.
2
Let w = -9 + 27. Calculate the remainder when 4 is divided by w/22 + 4/22.
0
Let d = 3 + 7. Let y = 7 - 1. Suppose y*n - 306 = -18. What is the remainder when n is divided by d?
8
Suppose w - 1199 - 627 = -5*n, -4*n + 1480 = -4*w. Calculate the remainder when n is divided by 125.
116
What is the remainder when 46